ple of 118?
False
Is 10222676 a multiple of 14?
False
Does 2004 divide 34723308?
True
Is 51 a factor of 62982248?
False
Does 193 divide 185149784?
False
Is 56 a factor of 6372072?
True
Is 2820170341 a multiple of 7309?
True
Does 1267 divide 616684376?
True
Is 33752061 a multiple of 369?
True
Is 50 a factor of 980788919?
False
Is 100057887 a multiple of 223?
False
Does 34 divide 26461180?
True
Does 41 divide 6768485?
True
Does 38 divide 146905948?
True
Is 36 a factor of 14952816?
True
Does 46 divide 5751240?
False
Is 8 a factor of 678165264?
True
Does 8350 divide 2835064398?
False
Is 844 a factor of 136926794?
False
Is 22429173 a multiple of 249?
True
Is 368957835 a multiple of 9?
True
Does 25 divide 77547350?
True
Is 121 a factor of 75638717?
False
Is 2407 a factor of 877195045?
True
Is 631 a factor of 56699136?
True
Is 512629136 a multiple of 2384?
True
Is 320 a factor of 1170539785?
False
Is 20648479 a multiple of 406?
False
Is 27696630 a multiple of 10?
True
Is 530257088 a multiple of 3001?
False
Is 15 a factor of 6045255?
True
Is 110 a factor of 270325990?
True
Is 9 a factor of 116970759?
True
Does 8 divide 12092326?
False
Is 96279574 a multiple of 1808?
False
Is 38391991 a multiple of 242?
False
Does 374 divide 15227036?
True
Is 18 a factor of 116776741?
False
Is 599583307 a multiple of 10?
False
Does 172 divide 41359429?
False
Is 12 a factor of 43325256?
True
Does 597 divide 93932577?
True
Does 185 divide 7039435?
True
Is 1875197252 a multiple of 2241?
False
Does 406 divide 65657506?
False
Is 63631587 a multiple of 37?
False
Is 6362529 a multiple of 2?
False
Does 53 divide 421424158?
False
Is 643626478 a multiple of 22?
True
Is 32 a factor of 149529725?
False
Is 6042 a factor of 804565392?
False
Does 295 divide 276880563?
False
Is 14 a factor of 30493826?
False
Does 16 divide 6762812?
False
Does 43 divide 814844195?
True
Is 164588403 a multiple of 461?
False
Is 1792 a factor of 29645056?
True
Does 351 divide 324731511?
True
Is 70391026 a multiple of 141?
False
Is 6465328853 a multiple of 11?
False
Is 219 a factor of 216709435?
False
Is 56299656 a multiple of 864?
False
Is 289 a factor of 36566733?
False
Does 159 divide 20564617?
False
Does 123 divide 1682104212?
True
Does 128 divide 129033210?
False
Is 1020851486 a multiple of 1466?
False
Does 2447 divide 204527847?
False
Does 1032 divide 159954840?
True
Is 9478044 a multiple of 895?
False
Is 79691467 a multiple of 653?
True
Is 33 a factor of 79895112?
True
Is 28 a factor of 528044?
False
Is 1135869044 a multiple of 9?
False
Is 2512 a factor of 139513968?
True
Is 22 a factor of 466966303?
False
Is 24143296 a multiple of 62?
True
Is 50510266 a multiple of 1141?
False
Is 1639538480 a multiple of 17?
True
Does 2942 divide 1257516712?
True
Is 246316348 a multiple of 934?
True
Does 3735 divide 1163572863?
False
Does 10 divide 10825040?
True
Is 54 a factor of 6645827196?
True
Is 7 a factor of 46670113?
True
Is 10082165 a multiple of 102?
False
Does 9 divide 2700626394?
False
Is 216 a factor of 108163868?
False
Is 4705 a factor of 859736081?
False
Is 410 a factor of 3371461054?
False
Is 27 a factor of 55196352?
False
Does 16 divide 680344272?
True
Is 21 a factor of 15766086?
True
Does 4 divide 135893789?
False
Is 2361209 a multiple of 10?
False
Does 1549 divide 3890092412?
False
Does 2088 divide 53115077?
False
Does 3 divide 130528527?
True
Is 7604986602 a multiple of 737?
False
Is 3633606264 a multiple of 237?
True
Is 25 a factor of 925032050?
True
Does 8 divide 208075753?
False
Is 3080 a factor of 107687320?
False
Is 1625 a factor of 35855625?
True
Does 95 divide 820883031?
False
Does 4 divide 30125673?
False
Is 1067936895 a multiple of 10?
False
Is 176 a factor of 16580256?
True
Is 2130 a factor of 115801710?
True
Is 1306 a factor of 451495744?
False
Is 2302114932 a multiple of 6?
True
Does 34 divide 34923542?
True
Is 435 a factor of 1239221761?
False
Is 208346578 a multiple of 59?
False
Is 20432871 a multiple of 9?
True
Is 2269767425 a multiple of 703?
False
Is 2485671136 a multiple of 13?
True
Is 2636 a factor of 46550775?
False
Is 29903886 a multiple of 956?
False
Is 882275 a multiple of 3?
False
Is 468 a factor of 21936539?
False
Does 229 divide 8322722?
False
Does 8 divide 2005236161?
False
Is 214 a factor of 5374610?
True
Does 107 divide 160856524?
True
Is 115761215 a multiple of 22?
False
Is 13182400 a multiple of 20?
True
Is 8 a factor of 51666654?
False
Is 548618991 a multiple of 1840?
False
Is 80 a factor of 1589898985?
False
Is 20852020 a multiple of 449?
False
Does 332 divide 1462278728?
True
Is 748880822 a multiple of 6?
False
Is 671 a factor of 392952362?
True
Does 1028 divide 181053416?
True
Does 333 divide 116598285?
True
Is 28 a factor of 3363668?
True
Does 29 divide 1119364?
False
Is 36692565 a multiple of 91?
True
Does 89 divide 2192715277?
False
Is 274 a factor of 75442802?
False
Is 58 a factor of 3937866?
False
Is 797 a factor of 63218040?
True
Is 1379 a factor of 80132311?
True
Is 414654998 a multiple of 8?
False
Is 1146 a factor of 10889049?
False
Does 90 divide 75210120?
True
Is 11086910 a multiple of 16?
False
Is 168 a factor of 795229008?
True
Is 624788960 a multiple of 10?
True
Is 173349304 a multiple of 10?
False
Is 555 a factor of 20344635?
True
Is 20 a factor of 83104435?
False
Does 10 divide 22087890?
True
Is 17264135 a multiple of 267?
False
Is 2539677498 a multiple of 7361?
True
Is 443 a factor of 218197?
False
Is 227881197 a multiple of 10?
False
Does 165 divide 9935640?
True
Is 9 a factor of 6071625?
True
Is 10337479 a multiple of 787?
False
Is 11 a factor of 25022987?
True
Is 385420455 a multiple of 3615?
True
Does 4271 divide 3982549284?
False
Does 443 divide 68446485?
False
Does 545 divide 136151355?
True
Does 10 divide 1973812?
False
Does 77 divide 196443732?
False
Is 14344334 a multiple of 21?
False
Is 9116140 a multiple of 11?
True
Is 235457528 a multiple of 15?
False
Is 20 a factor of 160874860?
True
Is 1522365690 a multiple of 1188?
False
Does 248 divide 40734167?
False
Does 107 divide 42097684?
False
Does 65 divide 2322356?
False
Is 273 a factor of 344928224?
False
Does 54 divide 102327988?
False
Does 4 divide 579344819?
False
Is 137 a factor of 650841891?
False
Is 25 a factor of 1396194397?
False
Does 10 divide 238327973?
False
Does 16 divide 1653082976?
True
Does 436 divide 145152248?
True
Does 55 divide 6284834?
False
Is 51 a factor of 364013808?
False
Is 125434728 a multiple of 18?
True
Does 20 divide 100249178?
False
Is 2471 a factor of 2303214158?
True
Does 7 divide 38038795?
False
Is 6384386 a multiple of 94?
True
Does 19 divide 8218457?
False
Does 75 divide 57258582?
False
Does 3020 divide 98963469?
False
Is 731991100 a multiple of 1649?
True
Is 108018736 a multiple of 836?
False
Is 10 a factor of 130379020?
True
Is 996 a factor of 66480244?
False
Is 14 a factor of 193051964?
True
Is 765 a factor of 251377068?
False
Does 33 divide 29935184?
False
Does 3 divide 30578460?
True
Is 459397547 a multiple of 1679?
False
Does 1991 divide 690527335?
False
Is 39 a factor of 81752872?
False
Is 978120 a multiple of 3432?
True
Does 1474 divide 30578130?
True
Is 3382290 a multiple of 18?
True
Does 659 divide 258519769?
True
Is 1068 a factor of 882064404?
True
Is 169780752 a multiple of 72?
True
Is 8991258 a multiple of 268?
False
Is 74420094 a multiple of 573?
True
Is 64644201 a multiple of 61?
True
Is 910 a factor of 1963625300?
True
Is 37482375 a multiple of 25?
True
Is 2342 a factor of 32312574?
True
Is 617340482 a multiple of 1111?
True
Is 778 a factor of 594399780?
True
Is 16 a factor of 3892011?
False
Does 2804 divide 4918939432?
True
Does 1507 divide 277758184?
True
Is 612 a factor of 57032749?
False
Does 190 divide 7800987?
False
Is 60 a factor of 3143594?
False
Does 374 divide 4833975806?
True
Does 74 divide 1373014929?
False
Is 1638798721 a multiple of 141?
False
Is 2044 a factor of 372539440?
True
Is 126164570 a multiple of 358?
True
Is 31121913 a multiple of 107?
True
Does 125 divide 13704250?
True
Is 11866966 a multiple of 358?
False
Does 9 divide 2155634488?
False
Is 228 a factor of 13474116?
True
Is 38 a factor of 29640798?
True
Is 84 a factor of 386087856?
True
Is 91466319 a multiple of 203?
True
Does 10940 divide 2804587455?
False
I